f p?
3
Let j be 14022/45 + (-2)/(-5). Suppose 2*b + b - j = c, -118 = -b + 5*c. What is the tens digit of b?
0
Let h(d) = -47*d - 21. What is the hundreds digit of h(-7)?
3
Let s be (8/(-6))/((-36)/27). What is the units digit of (s + -2)/((-1)/326*2)?
3
Let b(r) be the first derivative of r**3/3 - 11*r**2/2 + 12*r - 1. Suppose 28 = l + 3*m, m - 6 + 1 = 0. What is the units digit of b(l)?
8
Let v = 936 - 394. What is the units digit of v?
2
Suppose 503 = -7*r + 12879. What is the thousands digit of r?
1
Suppose 19*l - 86380 = -11083. What is the units digit of l?
3
Let z = -249 + 71. Let y = z + 292. What is the units digit of y?
4
Suppose 0 = -3*y + v + 2735, 0*v + v - 905 = -y. Suppose 0 = -9*x + y - 64. What is the tens digit of x?
9
Let z(y) = -2*y**2 - 5*y - 5. Let l be (-2)/((20/8)/5). Let b be z(l). Let i = -9 - b. What is the units digit of i?
8
Let h(c) = -c**3 - 24*c**2 - 40*c - 24. What is the hundreds digit of h(-24)?
9
What is the hundreds digit of -223*20*(-78)/130?
6
Let s(i) be the second derivative of -i**5/20 + 5*i**4/6 - 4*i**3/3 + i**2 + 2*i. What is the tens digit of s(6)?
9
Let i(g) = 13*g**2 - 5*g + 4. Suppose 0 = -294*q + 299*q - 20. What is the units digit of i(q)?
2
Suppose 477 = -57*v + 66*v. What is the units digit of v?
3
Let p(v) = -2*v - 20. Let f be p(7). Let t = 301 + f. What is the units digit of t?
7
Let j(i) = i**3 - 2*i**2 + 1. Let o be j(2). What is the units digit of o - -1 - -5 - (0 - -2)?
5
Let q(r) = -r**2 + 4. Let x be q(2). Suppose 2*k = 4*c + 58 - x, c = 5*k - 136. What is the units digit of k?
7
Suppose 0 = -5*d + 4*v + 50, d - 4*v - 4 = 6. What is the units digit of d/25 - 129/(-15)?
9
Let p(j) = 2*j**2 - 3*j - 17. What is the tens digit of p(-8)?
3
Let i(f) be the third derivative of -2*f**2 - 1/3*f**3 + 1/4*f**4 + 0 - 1/60*f**5 + 0*f. What is the units digit of i(5)?
3
Let d(j) = j + 17. Let t be d(15). What is the units digit of (-72)/t*56/(-2)?
3
Let z(f) = 2*f + 18. Suppose -c = -4*t - 1, 4*t + 24 - 68 = -4*c. What is the units digit of z(c)?
6
Let u(p) = p**3 + 6*p**2 - p - 3. Let z be u(-6). Suppose 0 = z*l - 666 + 114. What is the hundreds digit of l?
1
What is the units digit of (-60)/(9*(-6)/36)?
0
Let l(o) be the third derivative of -o**5/30 - o**4/24 + o**3/2 - 9*o**2. Let j be l(-4). What is the tens digit of 1*(j + 2)*-2?
4
Let o = 208 + -82. Suppose -o - 239 = -5*g. What is the tens digit of g?
7
Suppose 10*n - 32 = 18. Let w(i) = -3*i**3 + 31*i**2 - 2*i - 1. Let t(q) = -q**3 + 10*q**2 - q. Let a(h) = 7*t(h) - 2*w(h). What is the tens digit of a(n)?
6
What is the units digit of (-1389)/(-21) - (-12)/14?
7
Let m = -7 + 55. Let j(u) = -11*u - 298. Let v be j(-24). Let l = m + v. What is the units digit of l?
4
Let l = -36 - -63. Suppose 42 = v + l. What is the tens digit of v?
1
Suppose 59 + 73 = -4*y. Let c = y + 38. Let m = c - -11. What is the units digit of m?
6
Suppose 4*u = -u + 5*p, -12 = -3*u - 3*p. Suppose -5*k - 215 = 6*l - l, u*k - 8 = 0. Let x = 5 - l. What is the tens digit of x?
5
Let n(f) = -3*f**3 - 4*f**2 - 11*f - 17. What is the hundreds digit of n(-6)?
5
Let i(g) = 17*g**2 - 9*g - 3. Let n be i(-6). Suppose 5*m = 4*r - n, 2*r - m = 193 + 134. What is the hundreds digit of r?
1
Suppose 31*a + 11085 = 46*a. What is the hundreds digit of a?
7
What is the tens digit of 2/(1190/(-398) + 3)?
9
Let i(u) be the first derivative of -7*u**2 + 12*u - 17. What is the units digit of i(-7)?
0
Suppose -3*k + 17 = 5. Suppose -2*t + 444 = k*t. What is the units digit of t?
4
Let p = 287 + -159. Suppose -3*m = 2*y - 7*m - p, -4*m = -3*y + 192. What is the tens digit of y?
6
Suppose -3450 = 65*w - 75*w. What is the hundreds digit of w?
3
Suppose 0 = m, 3*o - 4*m = o + 320. What is the units digit of o?
0
Suppose -2195 = -10*f + 845. What is the units digit of f?
4
Let k(g) = g**3 + 5 - g + 2*g - 8*g + 2 - 5*g**2. Let m be k(6). What is the units digit of (7 + -3)/m - -35?
9
Let p(f) = -2*f + 20. Let k be p(12). Let v(x) = 0*x - 4 - 5*x - 6. What is the units digit of v(k)?
0
Let y(k) = 3*k**2 + 20 - 20 - 5*k**2 + 5*k**3. What is the tens digit of y(2)?
3
Let f(u) = 11*u. What is the hundreds digit of f(22)?
2
Suppose -2*c + 5*c = -3*r, -c - 3*r - 6 = 0. Suppose -c*n = -0*n - 186. What is the tens digit of n?
6
Suppose 12287 - 2959 = 8*o. What is the tens digit of o?
6
Suppose -30 = -7*h + 4*h. Let q be -2 - 15/(-3) - h. Let n = 42 + q. What is the tens digit of n?
3
Let y = 932 + -551. What is the tens digit of y?
8
Let u = -74 + 602. What is the units digit of u?
8
Let f be (16/(-6))/(6/(-54)). Suppose -2*i = 5*p + 28 + f, -2*i = -p + 40. Let u = i - -64. What is the units digit of u?
3
Let t = -51 - -21. Let w = t + 66. What is the units digit of w?
6
Let r(l) = l**3 - 10*l**2 - l + 13. Let a be r(10). Suppose -2*s + a*m + 4 = 0, m = 2*s - 3*m - 4. Suppose 0 = -s*x - x + 69. What is the units digit of x?
3
Suppose -6*f + f = -2*b - 6, -6 = -2*b - f. Suppose 7*d - 230 = b*d. What is the tens digit of d?
4
Suppose -a - 10 = 2*k - 3*a, -3*a - 17 = 5*k. Let h(j) = 2*j**2 + 4*j + 1. What is the units digit of h(k)?
7
Let a(r) = -r**3 + 4*r**2 + 3*r + 7. Let q be a(5). Suppose 8 = u + m, 3*u - 1 - 27 = -2*m. What is the units digit of 2*(u - q) - -2?
2
Let q = 3104 + -926. What is the thousands digit of q?
2
Let w = 12 - 8. Let y(i) = 4*i**2 - 4*i + i - 3*i**2 + 1. What is the units digit of y(w)?
5
Let w = 9 + -3. Let v(l) = -2*l + l**3 + 2*l + 3 - 2*l + w*l**2. What is the tens digit of v(-6)?
1
Let w be -4 + 1 - (-18)/6. Suppose w = 2*v - v. Suppose 3*k + 2*k - 25 = v. What is the units digit of k?
5
Let w = 7 + -7. Suppose -34 = -w*q - q. Let i = -5 + q. What is the tens digit of i?
2
Let x = -2 + 0. Let o be x/(-11) + 14424/44. Suppose -o = -i - 7*i. What is the tens digit of i?
4
Let d = -614 - -993. What is the units digit of d?
9
Let c be ((-2)/6*0)/1. Suppose h = -2*h - 2*k - 2, c = -4*k + 8. What is the tens digit of (-512)/(-48)*(-9)/h?
4
Suppose 0 = -3*l + 4*d + 19, -7*l + 4*d = -3*l - 32. Let p = 21 - l. What is the tens digit of (-18)/(-3*p/36)?
2
Let b(w) be the first derivative of w**4/4 + 13*w**3/3 + 27*w**2/2 + 2*w - 2. What is the hundreds digit of b(-8)?
1
Let m = -1254 + 2968. What is the thousands digit of m?
1
Let u(j) = -3*j**3 + 5*j**2 + 6*j - 24. What is the hundreds digit of u(-5)?
4
Let l(j) = j - 15. Let q be l(15). Suppose q = 7*r - 187 - 618. What is the hundreds digit of r?
1
Suppose 0 = 4*f + 3*b - 67, 50 = 2*f + f + 2*b. Suppose -5*d = 2*q - 12, -22*d + 2*q = -21*d. Let l = f - d. What is the tens digit of l?
1
Let a = 2144 + -1477. What is the tens digit of a?
6
What is the hundreds digit of (-4)/14 + (-1630332)/(-308)?
2
Let h(r) = r**3 - 8*r**2 - 14*r - 8. Let i be h(15). Suppose 46 = -w - 2*y + 321, -5*w - y + i = 0. What is the units digit of w?
1
Let f(b) = 7*b**2 + 2*b - 341. What is the tens digit of f(-14)?
0
Suppose 0 = 6*r + 22*r - 77140. What is the tens digit of r?
5
Let o(j) = 1. Let u(t) = -t**2 - 4. Let c(r) = -4*o(r) - u(r). Let h be c(2). What is the units digit of h/((-12)/39)*-1?
3
Suppose -2*w + 0 = -4*s - 6, -2*s = w + 5. Suppose -2*q = -2*p - 128, 3*p + 2*q + 3*q = -208. What is the tens digit of w/(-2)*p/(-1)?
3
Let b be (-10)/(-5) - (1 + -2). Suppose -2 - 4 = -b*s. Suppose s*q = -26 + 76. What is the tens digit of q?
2
Let t be 555 + 1*1/((-1)/2). Suppose -10*h = -3*h - t. What is the tens digit of h?
7
Let y(v) = -v**3 - 16*v**2 + 20*v + 25. Let f be y(-17). Let n = -16 - f. What is the tens digit of 2772/45 - (-4)/n?
6
Let j = 1 + 2. Suppose j*r - 7 = p, -2*r = 2*p - 6*r + 12. What is the units digit of p/(-14) + 61/7?
9
Suppose 154 = 2*h - 150. Let m = 223 - h. What is the tens digit of m?
7
Let x = -361 + 829. What is the hundreds digit of x?
4
Let d = 55 + -55. What is the units digit of (d - 162/(-8)) + 3/4?
1
What is the tens digit of 4429/3 - (-4)/(-3)?
7
What is the units digit of (-8)/10*(-25695)/18?
2
Let f be 0*(18/4 + -4). Suppose 5*c + 4*k - 86 = 0, -3*c + 3*k + 57 = -f*c. What is the units digit of c?
8
Suppose 2*m + 100 = 4*j, -2*m + 3*m = -j - 38. What is the tens digit of m/49*(-82 - 2)?
7
Suppose -28*f + 25*f = -i + 152, 5*i = -f + 696. What is the tens digit of i?
4
Suppose -2*s = -3*u - 4065, 5*u + 2254 =